{"id":7,"date":"2023-05-15T16:22:09","date_gmt":"2023-05-15T14:22:09","guid":{"rendered":"http:\/\/www.sixtinedelaseille.com\/?page_id=7"},"modified":"2023-08-04T11:22:14","modified_gmt":"2023-08-04T09:22:14","slug":"temoignages","status":"publish","type":"page","link":"https:\/\/www.sixtinedelaseille.com\/index.php\/temoignages\/","title":{"rendered":"T\u00e9moignages"},"content":{"rendered":"\n<p><\/p>\n\n\n\n<h2 class=\"wp-block-heading has-text-align-center has-white-color has-luminous-vivid-orange-to-vivid-red-gradient-background has-text-color has-background has-medium-font-size\" style=\"font-style:normal;font-weight:700;text-transform:uppercase\"><strong>quelques  t\u00e9moignages  de  NOS  visiteurs<\/strong><\/h2>\n\n\n\n<p><\/p>\n\n\n\n<p class=\"has-white-background-color has-background\">Eine wundersch\u00f6ne kleine Kirche mit<\/p>\n\n\n\n<p class=\"has-background\" style=\"background:linear-gradient(90deg,rgb(238,238,238) 0%,rgb(169,184,195) 100%)\">Un bijou dans son \u00e9crin- Superbe\u00a0!<\/p>\n\n\n\n<p class=\"has-white-background-color has-background\">Tr\u00e8s belle \u00e9glise et visite tr\u00e8s bien comment\u00e9e Merci beaucoup\u00a0!<\/p>\n\n\n\n<p class=\"has-background\" style=\"background:linear-gradient(270deg,rgb(238,238,238) 0%,rgb(169,184,195) 100%)\">Superbes fresques \u2013 restauration r\u00e9ussie, notre guide est passionnante, quelle chance pour nous d\u2019avoir cette \u00e9glise aussi belle que certaines petites \u00e9glises d\u2019 Espagne, d\u2019 Italie, de Corse . Nous reviendrons avec d\u2019autres groupes.( Les Inner Wheel de Thionville)<\/p>\n\n\n\n<p class=\"has-white-background-color has-background\">A very beautiful \u2026\u2026..Very intersling!<\/p>\n\n\n\n<p class=\"has-very-light-gray-to-cyan-bluish-gray-gradient-background has-background\">Fresques spectaculaires tr\u00e8s bien entretenues et merci encore de nous laisser la porte ouverte pour ce lieu o\u00f9 nous pouvons encore prier en admiration de cette ensemble ( Christiane et Louis)<\/p>\n\n\n\n<p class=\"has-white-background-color has-background\">Un spectacle \u00e9mouvant de na\u00efvet\u00e9 \u2013 des explications clairs- une r\u00e9ussite artistique extraordinaire pour l\u2019\u00e9poque \u2013 Merci pour les explications int\u00e9ressantes<\/p>\n\n\n\n<p class=\"has-background\" style=\"background:linear-gradient(270deg,rgb(238,238,238) 0%,rgb(169,184,195) 100%)\">Une des plus belles d\u00e9couvertes du nord de la France , &#8230;\u00a0ce plongeon dans la spiritualit\u00e9 du 15\u00e8me\u00a0si\u00e8cle interpelle et \u00e9meut profond\u00e9ment . Merci pour ceux qui veillent sur cette merveille. Nous reviendrons\u2026<\/p>\n\n\n\n<p class=\"has-white-background-color has-background\">Nous venons faire d\u00e9couvrir \u00e0 des amis ou la famille chaque fois que nous avons de la visite. Nous aimons beaucoup les fresques qui sont magnifiques et font penser aux peintures de J\u00e9r\u00f4me Bosch<\/p>\n\n\n\n<p class=\"has-very-light-gray-to-cyan-bluish-gray-gradient-background has-background\">Merveilleux Saint Christophe<\/p>\n\n\n\n<p class=\"has-white-background-color has-background\">Merveilleuse petit lune voil\u00e9e par les branches d\u2019arbre ( \u00e0 gauche dans le ch\u0153ur)<\/p>\n\n\n\n<p class=\"has-background\" style=\"background:linear-gradient(270deg,rgb(238,238,238) 0%,rgb(169,184,195) 100%)\">Merveilleuse pens\u00e9e symbolique du Moyen Age.<\/p>\n\n\n\n<p class=\"has-white-background-color has-background\">C\u2019est la premi\u00e8re fois que je vois une \u00e9glise aussi d\u00e9cor\u00e9e, avec des personnages tr\u00e8s expressifs. La d\u00e9coration constitue un catalogue du martyrologe romain contrairement aux sc\u00e8nes de l\u2019Evangile ou de la Bible rencontr\u00e9s habituellement.<\/p>\n\n\n\n<p class=\"has-background\" style=\"background:linear-gradient(120deg,rgb(238,238,238) 0%,rgb(169,184,195) 100%)\">Eglise sublime ,nombreuses fresques pour une surface peu grande \u2013Diversit\u00e9 des personnages du jugement dernier \u2013 histoire de la religion relat\u00e9e en quelques tableaux<\/p>\n\n\n\n<p class=\"has-white-background-color has-background\">Une restauration magistrale \u2013 une livre d\u2019images digne d\u2019une cat\u00e9ch\u00e8se vivante \u2013 une pr\u00e9sentation d\u2019une passionn\u00e9e tr\u00e8s int\u00e9ressante<\/p>\n\n\n\n<p class=\"has-background\" style=\"background:linear-gradient(90deg,rgb(238,238,238) 0%,rgb(169,184,195) 100%)\">Superbes fresques \u00e9merveillement en passant le seuil de cette \u00e9glise \u2013 magnifique \u2013 superbe de beaut\u00e9 \u2013 je n\u2019habite pas loin et je ne connaissais pas &#8211; grandiose je reviendrais<\/p>\n\n\n\n<p class=\"has-white-background-color has-background\">El\u00e8ves du coll\u00e8ge de Delme \u2013 niveau 6e \u2013 le livret \u00e0 colorier m\u2019a servi de base pour un petit cahier p\u00e9dagogique merci &#8211; \u00e9glise magnifiquement restaur\u00e9e \u2013 riche en histoire qui facilitent les explications dans le domaine religieux \u2013les fresques sont un support p\u00e9dagogique int\u00e9ressant ( Mme Jacob prof d\u2019enseignement religieux )<\/p>\n","protected":false},"excerpt":{"rendered":"<p>quelques t\u00e9moignages de NOS visiteurs Eine wundersch\u00f6ne kleine Kirche mit Un bijou dans son \u00e9crin- Superbe\u00a0! Tr\u00e8s belle \u00e9glise et visite tr\u00e8s bien comment\u00e9e Merci beaucoup\u00a0! Superbes fresques \u2013 restauration r\u00e9ussie, notre guide est passionnante, quelle chance pour nous d\u2019avoir cette \u00e9glise aussi belle que certaines petites \u00e9glises d\u2019 Espagne, d\u2019 Italie, de Corse . [&hellip;]<\/p>\n","protected":false},"author":1,"featured_media":0,"parent":0,"menu_order":0,"comment_status":"closed","ping_status":"closed","template":"","meta":{"_acf_changed":false,"footnotes":""},"class_list":["post-7","page","type-page","status-publish","hentry"],"acf":[],"_links":{"self":[{"href":"https:\/\/www.sixtinedelaseille.com\/index.php\/wp-json\/wp\/v2\/pages\/7","targetHints":{"allow":["GET"]}}],"collection":[{"href":"https:\/\/www.sixtinedelaseille.com\/index.php\/wp-json\/wp\/v2\/pages"}],"about":[{"href":"https:\/\/www.sixtinedelaseille.com\/index.php\/wp-json\/wp\/v2\/types\/page"}],"author":[{"embeddable":true,"href":"https:\/\/www.sixtinedelaseille.com\/index.php\/wp-json\/wp\/v2\/users\/1"}],"replies":[{"embeddable":true,"href":"https:\/\/www.sixtinedelaseille.com\/index.php\/wp-json\/wp\/v2\/comments?post=7"}],"version-history":[{"count":27,"href":"https:\/\/www.sixtinedelaseille.com\/index.php\/wp-json\/wp\/v2\/pages\/7\/revisions"}],"predecessor-version":[{"id":280,"href":"https:\/\/www.sixtinedelaseille.com\/index.php\/wp-json\/wp\/v2\/pages\/7\/revisions\/280"}],"wp:attachment":[{"href":"https:\/\/www.sixtinedelaseille.com\/index.php\/wp-json\/wp\/v2\/media?parent=7"}],"curies":[{"name":"wp","href":"https:\/\/api.w.org\/{rel}","templated":true}]}}